{"id":61,"date":"2023-04-20T19:09:59","date_gmt":"2023-04-20T17:09:59","guid":{"rendered":"https:\/\/kaledonia.com.pl\/sklep\/?post_type=product&#038;p=61"},"modified":"2024-04-28T22:12:05","modified_gmt":"2024-04-28T20:12:05","slug":"klasyczna-ramoneska-ivory","status":"publish","type":"product","link":"https:\/\/kaledonia.com.pl\/sklep\/produkt\/klasyczna-ramoneska-ivory\/","title":{"rendered":"Klasyczna ramoneska ivory"},"content":{"rendered":"<p>Klasyczna i niezwykle elegancka ramoneska z mi\u0119kkiej, \u015bmietankowej ekosk\u00f3ry, to idealny i praktyczny dodatek, kt\u00f3ry pasuje do wszystkich fason\u00f3w sukien oraz pi\u0119knie si\u0119 prezentuje w po\u0142\u0105czeniu z kreacjami w odcieniach ivory oraz z modnymi, \u015blubnymi be\u017cami.<br \/>\nKurteczka wyr\u00f3\u017cnia si\u0119 prostym i bardzo subtelnym krojem, zapinanym na zameczek. Posiada d\u0142ugie, wygodne r\u0119kawy, kt\u00f3re chroni\u0105 przed ch\u0142odem.<br \/>\nRamoneska jest idealn\u0105 alternatyw\u0105 dla eleganckich marynarek oraz \u017cakiet\u00f3w, dlatego \u015bwietnie si\u0119 sprawdzi jako dodatek do sukni \u015blubnej. Znajdzie swoje zastosowanie r\u00f3wnie\u017c w codziennych stylizacjach i tych, o bardziej formalnym charakterze, wymagaj\u0105cych wizytowego ubioru.<\/p>\n<p>Dobieraj\u0105c dodatki \u015blubne warto postawi\u0107 na nowoczesne i uniwersalne rozwi\u0105zania, kt\u00f3re uzupe\u0142ni\u0105 nasz\u0105 garderob\u0119 o eleganckie i praktyczne okrycie wierzchnie.<br \/>\n<b>*Oferta w sklepie internetowym dotyczy wy\u0142\u0105cznie\u00a0produktu szytego na indywidualny wymiar i nie podlega zwrotowi.<br \/>\n*W celu realizacji zam\u00f3wienia niezb\u0119dny jest kontakt\u00a0mailowy z nami i uzgodnienie wymiar\u00f3w.<br \/>\n*Czas realizacji do 10 dni roboczych<\/b><\/p>\n<p><em>Dokonuj\u0105c zakupu akceptujesz warunki oferty.<\/em><\/p>\n<p><em>Chcesz kupi\u0107 produkt on-line? Masz dodatkowe pytania?<\/em><br \/>\n<strong><em>Skontaktuj si\u0119 z nami pod numerem: 577190790<\/em><\/strong><br \/>\n<strong><em>Adres e-mail: biuro@kaledonia.pl<\/em><\/strong><\/p>\n<p><b>Prezentowany model mo\u017cna kupi\u0107 r\u00f3wnie\u017c jako gotowy produkt w naszych salonach firmowych.<\/b><\/p>\n","protected":false},"excerpt":{"rendered":"<p>Klasyczna i niezwykle elegancka ramoneska z mi\u0119kkiej, \u015bmietankowej ekosk\u00f3ry, to idealny i praktyczny dodatek, kt\u00f3ry pasuje do wszystkich fason\u00f3w sukien oraz pi\u0119knie si\u0119 prezentuje w po\u0142\u0105czeniu z kreacjami w odcieniach ivory oraz z modnymi, \u015blubnymi be\u017cami. Kurteczka wyr\u00f3\u017cnia si\u0119 prostym i bardzo subtelnym krojem, zapinanym na zameczek. Posiada d\u0142ugie, wygodne r\u0119kawy, kt\u00f3re chroni\u0105 przed ch\u0142odem. [&#8230;]\n","protected":false},"featured_media":99,"comment_status":"closed","ping_status":"closed","template":"","meta":[],"product_cat":[17],"product_tag":[],"yoast_head":"<!-- This site is optimized with the Yoast SEO Premium plugin v20.1 (Yoast SEO v21.7) - https:\/\/yoast.com\/wordpress\/plugins\/seo\/ -->\n<title>Klasyczna ramoneska ivory - eSklep Kaledonia<\/title>\n<meta name=\"description\" content=\"Klasyczna i niezwykle elegancka ramoneska z mi\u0119kkiej, \u015bmietankowej ekosk\u00f3ry, to idealny i praktyczny dodatek, kt\u00f3ry pasuje do wszystkich fason\u00f3w sukien.\" \/>\n<meta name=\"robots\" content=\"index, follow, max-snippet:-1, max-image-preview:large, max-video-preview:-1\" \/>\n<link rel=\"canonical\" href=\"https:\/\/kaledonia.com.pl\/sklep\/produkt\/klasyczna-ramoneska-ivory\/\" \/>\n<meta property=\"og:locale\" content=\"pl_PL\" \/>\n<meta property=\"og:type\" content=\"article\" \/>\n<meta property=\"og:title\" content=\"Klasyczna ramoneska ivory\" \/>\n<meta property=\"og:description\" content=\"Klasyczna i niezwykle elegancka ramoneska z mi\u0119kkiej, \u015bmietankowej ekosk\u00f3ry, to idealny i praktyczny dodatek, kt\u00f3ry pasuje do wszystkich fason\u00f3w sukien.\" \/>\n<meta property=\"og:url\" content=\"https:\/\/kaledonia.com.pl\/sklep\/produkt\/klasyczna-ramoneska-ivory\/\" \/>\n<meta property=\"og:site_name\" content=\"eSklep Kaledonia\" \/>\n<meta property=\"article:publisher\" content=\"https:\/\/www.facebook.com\/SuknieSlubneKaledonia\" \/>\n<meta property=\"article:modified_time\" content=\"2024-04-28T20:12:05+00:00\" \/>\n<meta property=\"og:image\" content=\"https:\/\/kaledonia.com.pl\/sklep\/wp-content\/uploads\/2023\/04\/Klasyczna-ramoneska-ivory.jpg\" \/>\n\t<meta property=\"og:image:width\" content=\"856\" \/>\n\t<meta property=\"og:image:height\" content=\"1200\" \/>\n\t<meta property=\"og:image:type\" content=\"image\/jpeg\" \/>\n<meta name=\"twitter:card\" content=\"summary_large_image\" \/>\n<meta name=\"twitter:label1\" content=\"Szacowany czas czytania\" \/>\n\t<meta name=\"twitter:data1\" content=\"2 minuty\" \/>\n<script type=\"application\/ld+json\" class=\"yoast-schema-graph\">{\"@context\":\"https:\/\/schema.org\",\"@graph\":[{\"@type\":\"WebPage\",\"@id\":\"https:\/\/kaledonia.com.pl\/sklep\/produkt\/klasyczna-ramoneska-ivory\/\",\"url\":\"https:\/\/kaledonia.com.pl\/sklep\/produkt\/klasyczna-ramoneska-ivory\/\",\"name\":\"Klasyczna ramoneska ivory - eSklep Kaledonia\",\"isPartOf\":{\"@id\":\"https:\/\/kaledonia.com.pl\/sklep\/#website\"},\"datePublished\":\"2023-04-20T17:09:59+00:00\",\"dateModified\":\"2024-04-28T20:12:05+00:00\",\"description\":\"Klasyczna i niezwykle elegancka ramoneska z mi\u0119kkiej, \u015bmietankowej ekosk\u00f3ry, to idealny i praktyczny dodatek, kt\u00f3ry pasuje do wszystkich fason\u00f3w sukien.\",\"breadcrumb\":{\"@id\":\"https:\/\/kaledonia.com.pl\/sklep\/produkt\/klasyczna-ramoneska-ivory\/#breadcrumb\"},\"inLanguage\":\"pl-PL\",\"potentialAction\":[{\"@type\":\"ReadAction\",\"target\":[\"https:\/\/kaledonia.com.pl\/sklep\/produkt\/klasyczna-ramoneska-ivory\/\"]}]},{\"@type\":\"BreadcrumbList\",\"@id\":\"https:\/\/kaledonia.com.pl\/sklep\/produkt\/klasyczna-ramoneska-ivory\/#breadcrumb\",\"itemListElement\":[{\"@type\":\"ListItem\",\"position\":1,\"name\":\"Home\",\"item\":\"https:\/\/kaledonia.com.pl\/sklep\/\"},{\"@type\":\"ListItem\",\"position\":2,\"name\":\"Sklep\",\"item\":\"https:\/\/kaledonia.com.pl\/sklep\/sklep\/\"},{\"@type\":\"ListItem\",\"position\":3,\"name\":\"Klasyczna ramoneska ivory\"}]},{\"@type\":\"WebSite\",\"@id\":\"https:\/\/kaledonia.com.pl\/sklep\/#website\",\"url\":\"https:\/\/kaledonia.com.pl\/sklep\/\",\"name\":\"eSklep Kaledonia\",\"description\":\"\",\"publisher\":{\"@id\":\"https:\/\/kaledonia.com.pl\/sklep\/#organization\"},\"potentialAction\":[{\"@type\":\"SearchAction\",\"target\":{\"@type\":\"EntryPoint\",\"urlTemplate\":\"https:\/\/kaledonia.com.pl\/sklep\/?s={search_term_string}\"},\"query-input\":\"required name=search_term_string\"}],\"inLanguage\":\"pl-PL\"},{\"@type\":\"Organization\",\"@id\":\"https:\/\/kaledonia.com.pl\/sklep\/#organization\",\"name\":\"Kaledonia\",\"url\":\"https:\/\/kaledonia.com.pl\/sklep\/\",\"logo\":{\"@type\":\"ImageObject\",\"inLanguage\":\"pl-PL\",\"@id\":\"https:\/\/kaledonia.com.pl\/sklep\/#\/schema\/logo\/image\/\",\"url\":\"https:\/\/kaledonia.com.pl\/sklep\/wp-content\/uploads\/2023\/02\/Kaledonia-Logo-Black_byEH.png\",\"contentUrl\":\"https:\/\/kaledonia.com.pl\/sklep\/wp-content\/uploads\/2023\/02\/Kaledonia-Logo-Black_byEH.png\",\"width\":283,\"height\":120,\"caption\":\"Kaledonia\"},\"image\":{\"@id\":\"https:\/\/kaledonia.com.pl\/sklep\/#\/schema\/logo\/image\/\"},\"sameAs\":[\"https:\/\/www.facebook.com\/SuknieSlubneKaledonia\",\"https:\/\/www.instagram.com\/suknieslubnekaledonia\/\"]}]}<\/script>\n<!-- \/ Yoast SEO Premium plugin. -->","yoast_head_json":{"title":"Klasyczna ramoneska ivory - eSklep Kaledonia","description":"Klasyczna i niezwykle elegancka ramoneska z mi\u0119kkiej, \u015bmietankowej ekosk\u00f3ry, to idealny i praktyczny dodatek, kt\u00f3ry pasuje do wszystkich fason\u00f3w sukien.","robots":{"index":"index","follow":"follow","max-snippet":"max-snippet:-1","max-image-preview":"max-image-preview:large","max-video-preview":"max-video-preview:-1"},"canonical":"https:\/\/kaledonia.com.pl\/sklep\/produkt\/klasyczna-ramoneska-ivory\/","og_locale":"pl_PL","og_type":"article","og_title":"Klasyczna ramoneska ivory","og_description":"Klasyczna i niezwykle elegancka ramoneska z mi\u0119kkiej, \u015bmietankowej ekosk\u00f3ry, to idealny i praktyczny dodatek, kt\u00f3ry pasuje do wszystkich fason\u00f3w sukien.","og_url":"https:\/\/kaledonia.com.pl\/sklep\/produkt\/klasyczna-ramoneska-ivory\/","og_site_name":"eSklep Kaledonia","article_publisher":"https:\/\/www.facebook.com\/SuknieSlubneKaledonia","article_modified_time":"2024-04-28T20:12:05+00:00","og_image":[{"width":856,"height":1200,"url":"https:\/\/kaledonia.com.pl\/sklep\/wp-content\/uploads\/2023\/04\/Klasyczna-ramoneska-ivory.jpg","type":"image\/jpeg"}],"twitter_card":"summary_large_image","twitter_misc":{"Szacowany czas czytania":"2 minuty"},"schema":{"@context":"https:\/\/schema.org","@graph":[{"@type":"WebPage","@id":"https:\/\/kaledonia.com.pl\/sklep\/produkt\/klasyczna-ramoneska-ivory\/","url":"https:\/\/kaledonia.com.pl\/sklep\/produkt\/klasyczna-ramoneska-ivory\/","name":"Klasyczna ramoneska ivory - eSklep Kaledonia","isPartOf":{"@id":"https:\/\/kaledonia.com.pl\/sklep\/#website"},"datePublished":"2023-04-20T17:09:59+00:00","dateModified":"2024-04-28T20:12:05+00:00","description":"Klasyczna i niezwykle elegancka ramoneska z mi\u0119kkiej, \u015bmietankowej ekosk\u00f3ry, to idealny i praktyczny dodatek, kt\u00f3ry pasuje do wszystkich fason\u00f3w sukien.","breadcrumb":{"@id":"https:\/\/kaledonia.com.pl\/sklep\/produkt\/klasyczna-ramoneska-ivory\/#breadcrumb"},"inLanguage":"pl-PL","potentialAction":[{"@type":"ReadAction","target":["https:\/\/kaledonia.com.pl\/sklep\/produkt\/klasyczna-ramoneska-ivory\/"]}]},{"@type":"BreadcrumbList","@id":"https:\/\/kaledonia.com.pl\/sklep\/produkt\/klasyczna-ramoneska-ivory\/#breadcrumb","itemListElement":[{"@type":"ListItem","position":1,"name":"Home","item":"https:\/\/kaledonia.com.pl\/sklep\/"},{"@type":"ListItem","position":2,"name":"Sklep","item":"https:\/\/kaledonia.com.pl\/sklep\/sklep\/"},{"@type":"ListItem","position":3,"name":"Klasyczna ramoneska ivory"}]},{"@type":"WebSite","@id":"https:\/\/kaledonia.com.pl\/sklep\/#website","url":"https:\/\/kaledonia.com.pl\/sklep\/","name":"eSklep Kaledonia","description":"","publisher":{"@id":"https:\/\/kaledonia.com.pl\/sklep\/#organization"},"potentialAction":[{"@type":"SearchAction","target":{"@type":"EntryPoint","urlTemplate":"https:\/\/kaledonia.com.pl\/sklep\/?s={search_term_string}"},"query-input":"required name=search_term_string"}],"inLanguage":"pl-PL"},{"@type":"Organization","@id":"https:\/\/kaledonia.com.pl\/sklep\/#organization","name":"Kaledonia","url":"https:\/\/kaledonia.com.pl\/sklep\/","logo":{"@type":"ImageObject","inLanguage":"pl-PL","@id":"https:\/\/kaledonia.com.pl\/sklep\/#\/schema\/logo\/image\/","url":"https:\/\/kaledonia.com.pl\/sklep\/wp-content\/uploads\/2023\/02\/Kaledonia-Logo-Black_byEH.png","contentUrl":"https:\/\/kaledonia.com.pl\/sklep\/wp-content\/uploads\/2023\/02\/Kaledonia-Logo-Black_byEH.png","width":283,"height":120,"caption":"Kaledonia"},"image":{"@id":"https:\/\/kaledonia.com.pl\/sklep\/#\/schema\/logo\/image\/"},"sameAs":["https:\/\/www.facebook.com\/SuknieSlubneKaledonia","https:\/\/www.instagram.com\/suknieslubnekaledonia\/"]}]}},"_links":{"self":[{"href":"https:\/\/kaledonia.com.pl\/sklep\/wp-json\/wp\/v2\/product\/61"}],"collection":[{"href":"https:\/\/kaledonia.com.pl\/sklep\/wp-json\/wp\/v2\/product"}],"about":[{"href":"https:\/\/kaledonia.com.pl\/sklep\/wp-json\/wp\/v2\/types\/product"}],"replies":[{"embeddable":true,"href":"https:\/\/kaledonia.com.pl\/sklep\/wp-json\/wp\/v2\/comments?post=61"}],"wp:featuredmedia":[{"embeddable":true,"href":"https:\/\/kaledonia.com.pl\/sklep\/wp-json\/wp\/v2\/media\/99"}],"wp:attachment":[{"href":"https:\/\/kaledonia.com.pl\/sklep\/wp-json\/wp\/v2\/media?parent=61"}],"wp:term":[{"taxonomy":"product_cat","embeddable":true,"href":"https:\/\/kaledonia.com.pl\/sklep\/wp-json\/wp\/v2\/product_cat?post=61"},{"taxonomy":"product_tag","embeddable":true,"href":"https:\/\/kaledonia.com.pl\/sklep\/wp-json\/wp\/v2\/product_tag?post=61"}],"curies":[{"name":"wp","href":"https:\/\/api.w.org\/{rel}","templated":true}]}}